2 and 116.
58
What is the greatest common divisor of 7502847 and 561?
33
What is the greatest common divisor of 17678117 and 215?
43
Calculate the greatest common divisor of 25715613 and 66.
33
Calculate the highest common divisor of 14908 and 20032.
4
Calculate the greatest common divisor of 513445 and 3509131.
3541
What is the greatest common factor of 43379 and 679?
7
What is the greatest common factor of 28227 and 352983?
291
What is the highest common factor of 10679929 and 5668?
1417
Calculate the greatest common divisor of 24282652 and 2468.
2468
Calculate the greatest common divisor of 1696 and 4225213.
53
Calculate the highest common factor of 384384 and 20790.
462
Calculate the highest common factor of 13600 and 22666950.
850
Calculate the highest common divisor of 643670 and 441470.
3370
Calculate the highest common divisor of 99638573 and 619.
619
Calculate the highest common factor of 37321376 and 4716.
524
Calculate the highest common factor of 1215 and 12536127.
243
Calculate the highest common factor of 30208 and 1466032.
944
Calculate the greatest common factor of 15956254 and 1082.
1082
Calculate the highest common factor of 25 and 3741475.
25
What is the greatest common divisor of 45824267 and 2413?
127
What is the highest common divisor of 171 and 8970957?
9
Calculate the highest common factor of 12 and 4286622.
6
Calculate the greatest common factor of 9 and 2865141.
9
What is the greatest common factor of 3992469 and 2004?
501
Calculate the greatest common factor of 509251 and 76685.
313
What is the greatest common factor of 4638705 and 5865?
255
Calculate the highest common divisor of 777110690 and 4230.
470
Calculate the highest common factor of 16875 and 13743.
27
What is the greatest common factor of 55608 and 21592?
8
Calculate the highest common factor of 19376217 and 742.
371
Calculate the highest common factor of 188 and 50749002.
94
Calculate the greatest common divisor of 14134 and 157102.
74
Calculate the greatest common divisor of 1146474 and 21223923.
7077
What is the highest common factor of 9 and 2732783?
1
Calculate the highest common factor of 196181214 and 138.
138
What is the highest common factor of 466902 and 21906?
18
Calculate the highest common factor of 1118173356 and 11124.
11124
Calculate the highest common factor of 6675972 and 36.
12
What is the highest common factor of 110 and 36738790?
110
Calculate the greatest common factor of 225918 and 17127.
99
What is the greatest common divisor of 3924 and 335611?
109
What is the highest common divisor of 40 and 244774580?
20
What is the highest common factor of 60762 and 3461097?
2337
Calculate the highest common factor of 1152112 and 381236.
764
What is the highest common divisor of 5364 and 1730188?
596
Calculate the highest common factor of 2884461 and 192.
3
Calculate the highest common divisor of 12524655 and 2145.
2145
What is the greatest common divisor of 502 and 880489426?
502
Calculate the greatest common factor of 45401 and 15770.
83
What is the greatest common factor of 132 and 47424564?
132
What is the greatest common divisor of 24708 and 564?
12
What is the greatest common divisor of 278417 and 1606406?
2003
Calculate the greatest common factor of 19159 and 17227.
161
Calculate the greatest common factor of 1988 and 427216230.
994
Calculate the greatest common divisor of 995581 and 18544.
1159
Calculate the greatest common divisor of 2594984508 and 36.
36
What is the highest common factor of 516096 and 1892160?
576
Calculate the greatest common factor of 17462320 and 16.
16
Calculate the highest common divisor of 335 and 139963.
67
What is the greatest common divisor of 70108688 and 6929?
533
What is the greatest common divisor of 31 and 7172346?
31
Calculate the highest common factor of 11640 and 88442660.
1940
What is the highest common divisor of 27976 and 5403672?
2152
Calculate the greatest common factor of 37157904 and 9.
9
What is the highest common divisor of 50 and 2102250?
50
Calculate the greatest common divisor of 23909912 and 91.
13
Calculate the greatest common factor of 106447956 and 18384.
4596
Calculate the highest common factor of 1202 and 825078643.
601
Calculate the greatest common factor of 27008 and 2315092.
844
Calculate the highest common divisor of 1005 and 363930.
15
Calculate the highest common factor of 6532935 and 585.
15
Calculate the greatest common factor of 926875 and 4375.
625
What is the greatest common factor of 273547360 and 160?
160
Calculate the highest common factor of 6 and 2449970.
2
Calculate the greatest common divisor of 15558 and 922290.
6
Calculate the greatest common factor of 5335025 and 64175.
425
Calculate the highest common factor of 573 and 9927.
3
Calculate the highest common divisor of 201586707 and 233.
233
What is the greatest common divisor of 85 and 209263030?
85
What is the highest common divisor of 135 and 16076205?
135
What is the greatest common divisor of 18887 and 2219877?
187
Calculate the highest common factor of 900420534 and 234.
234
What is the highest common divisor of 783 and 10138197?
87
What is the highest common divisor of 11934 and 37613758?
442
Calculate the greatest common divisor of 83 and 790884590.
83
What is the highest common divisor of 164 and 38759596?
164
Calculate the greatest common divisor of 30856 and 915211.
551
Calculate the greatest common factor of 355060 and 5932100.
8660
What is the greatest common factor of 8030 and 453365?
55
What is the highest common divisor of 610 and 837170?
10
What is the highest common divisor of 2261 and 36708?
133
Calculate the greatest common factor of 131902984 and 8.
8
What is the highest common factor of 16720 and 2046680?
760
Calculate the greatest common divisor of 75964 and 3689.
7
Calculate the greatest common divisor of 3591983 and 43503.
853
Calculate the greatest common factor of 14562814 and 2.
2
What is the greatest common factor of 264 and 197399466?
66
Calculate the highest common factor of 4134 and 193715.
53
Calculate the highest common factor of 94714 and 1444722.
1334
Calculate the highest common divisor of 270 and 341118.
54
What is the greatest common divisor of 4689386 and 130?
26
Calculate the greatest common divisor of 608 and 41483616.
32
Calculate the greatest common divisor of 7910 and 72996644.
1582
Calculate the greatest common divisor of 4312369 and 531.
59
Calculate the greatest common divisor of 14255 and 117535326.
2851
What is the greatest common factor of 16962 and 19156266?
1542
Calculate the greatest common factor of 525281 and 20572.
139
What is the greatest common factor of 456473097 and 108?
27
Calculate the greatest common divisor of 1112681 and 9853.
59
Calculate the highest common divisor of 744294826 and 67.
67
Calculate the greatest common factor of 41515253 and 598.
299
What is the highest common divisor of 26201 and 610204?
133
What is the highest common factor of 10461 and 10784895?
33
Calculate the greatest common factor of 30 and 12896610.
30
What is the greatest common factor of 11203019 and 497?
71
Calculate the highest common divisor of 2111603 and 475.
19
Calculate the greatest common divisor of 3625572 and 27339.
2103
Calculate the greatest common factor of 1010 and 14510.
10
What is the greatest common factor of 18 and 12014238?
6
What is the highest common factor of 293920 and 3119560?
6680
Calculate the highest common factor of 4405 and 562959.
881
What is the highest common divisor of 330986 and 4?
2
Calculate the greatest common divisor of 389048 and 8404.
44
Calculate the highest common divisor of 15285 and 733231640.
5095
What is the greatest common factor of 430882 and 13775?
551
Calculate the highest common divisor of 14876459 and 91.
13
What is the greatest common factor of 13617223 and 241?
241
Calculate the greatest common divisor of 323726 and 9074.
26
Calculate the greatest common factor of 2873288 and 2536.
2536
What is the greatest common factor of 4520 and 96036440?
4520
What is the greatest common divisor of 48633 and 5771?
29
Calculate the greatest common factor of 252945 and 443520.
3465
What is the greatest common factor of 492 and 5272404?
12
Calculate the greatest common factor of 3939555 and 395485.
2185
What is the highest common fa